the tens digit of (m/20)/(k/(-5))?
3
Let d = -23 + 20. Let m = d - -13. Let z = m - 0. What is the tens digit of z?
1
Suppose -3*t = -12 + 6. Let q be t/(-4)*(0 + -48). Let z = q - -38. What is the units digit of z?
2
Let q(g) be the third derivative of -g**5/60 + 2*g**4/3 + g**3 + 54*g**2 - 2. Let b = 8 + 7. What is the tens digit of q(b)?
2
Let p(j) = 2*j - 4. Let n be p(-5). Let r be (0 - n)/(5 - 3). Suppose -r*i + 2*i + 215 = 0. What is the units digit of i?
3
Suppose -4*c + 32 = 4*v - 9*c, v = 3*c + 15. What is the tens digit of 8*v/1 + -1?
2
Suppose -u - 3*p - 63 = -6*u, 5*u - 5*p - 65 = 0. Suppose 0 = -2*a + 6*a - u. Suppose 4*s = 4*q - 12, a*q - 2 - 5 = 5*s. What is the units digit of s?
1
Suppose -2*s - 593 = -c, -3*s + 1170 = 2*c + s. What is the hundreds digit of c?
5
Let v(l) = 6*l + 16. Let k be v(-10). Let t(m) = 19*m**3 + 2*m**2 - 2*m + 1. Let q be t(1). Let f = q - k. What is the tens digit of f?
6
Let g = 29 - -176. Suppose 0 = 5*q + 2*h - g, -4*q + 170 = q - 5*h. Suppose 5*p - q = 181. What is the tens digit of p?
4
Let n(d) = 2081*d**2 - 14*d + 8. What is the units digit of n(1)?
5
Let u(q) = 7*q**3 - 14*q**2 - 56. What is the units digit of u(7)?
9
Let f(r) = 14*r - 6. What is the hundreds digit of f(23)?
3
Let i(o) = o**2 + 11*o + 7. Let z be i(-19). Suppose -u + z = w, -3*w + 159 = 5*u - 314. What is the tens digit of w?
6
Let g = 216 + -30. Let v = g + -130. What is the tens digit of v?
5
Suppose -7*h + 431 = -3*h - k, 2*h + k - 217 = 0. Let c(m) = 2 + 108*m**2 + 35*m**3 - h*m**2 - 2*m. What is the units digit of c(1)?
5
Let v = 939 - 893. Let z be (-4)/14 + 37/7. Suppose w + 2*g = g + v, 5*g = z*w - 230. What is the units digit of w?
6
Let i be (184/(-10))/(2/(-5)). Let n = 198 - i. What is the tens digit of n?
5
Suppose -4728 = 2*d - 5*d - 3*o, -1561 = -d + 4*o. What is the hundreds digit of d?
5
Let s(b) = -8*b + 6. What is the hundreds digit of s(-12)?
1
Suppose -3*v + 16 = 4. Let l = v + 51. What is the units digit of l?
5
Let i be (15/(-10))/(3/(-290)). Let u = i - 92. What is the units digit of u?
3
Let i(k) = -k**3 + 7*k**2 - 17*k + 1. What is the hundreds digit of i(-5)?
3
Suppose d + 3*o = -3, 3*d - 5 = -2*d - 5*o. Suppose -2*g = -19 - 3. Let a = g - d. What is the units digit of a?
8
Let v = 320 + 80. What is the tens digit of v?
0
Let y = 2619 + 520. What is the thousands digit of y?
3
Suppose k - 36 = -k. Suppose 5*f = 3*f + k. Suppose -2*h = h - f. What is the units digit of h?
3
Suppose -156 - 4 = -u. What is the tens digit of u?
6
Let a(h) = -5*h - 14. Let b be a(-3). Let k(z) = 104*z - 2. What is the hundreds digit of k(b)?
1
Let v be (126/(-49))/((-1)/(-7)). Let w = v - -75. What is the units digit of w?
7
Let g be 3/(-9) - (-98)/(-3). Suppose -5*w - 25 = 0, -245 = -4*f - 2*w - 3. Let n = f + g. What is the tens digit of n?
3
Let t = 1785 - 744. What is the units digit of t?
1
Let q = 65 + -56. Let l(d) = d**3 - 4*d**2 - 4*d - 1. Let g be l(5). Suppose -g*a - q = -113. What is the units digit of a?
6
Suppose -10*p + 5978 = -1462. What is the tens digit of p?
4
Suppose 0 = -4*y - 18 - 6. What is the tens digit of (-4)/y*(-1 + 187)?
2
Let b = -1464 + 2720. What is the thousands digit of b?
1
Suppose 32 = -6*f + 2*f. Let j be (-3)/(-4)*-2*f. Let q(d) = d**2 - 12*d + 11. What is the units digit of q(j)?
1
Suppose -11 = -4*u + 29. Suppose -4*n + 48 - 8 = 0. Suppose u = 4*y - n. What is the units digit of y?
5
Let v = 641 - -2862. What is the units digit of v?
3
Suppose -28*h + 12836 + 5112 = 0. What is the units digit of h?
1
Suppose -5*g + 0*m - 2*m = -1298, 2*g - 524 = 4*m. What is the tens digit of g?
6
Let a be (-26)/(-3) + (-1)/(-3). Let u(w) = -2*w - 2 - 6 + 3 + 10*w. What is the tens digit of u(a)?
6
Let w(j) = 16*j**3 - j**2 - 6*j + 4. Let o(h) = -h**3 - 19*h**2 - 2*h - 36. Let l be o(-19). What is the units digit of w(l)?
6
Let m be 30/(-4)*2/(-1). Suppose -m = 4*t + 109. What is the tens digit of 1 + 3 - 6 - t?
2
Let b = 37 + -21. Suppose b*g - 351 = 7*g. What is the units digit of g?
9
Let i(n) = -12*n**3 - n + 2. Let l be i(-2). Suppose 6*f + l - 322 = 0. What is the tens digit of f?
3
Let g(r) = 2 - 662*r + 4 + 673*r. What is the tens digit of g(8)?
9
Let a(l) = -2 + 4*l - 12*l**2 + 9*l**2 + 4*l**2. What is the tens digit of a(-12)?
9
Let o(z) = 11*z**2 + 2*z - 4. Suppose -5*j - 4*p = -2 - 2, p + 4 = 0. What is the units digit of o(j)?
0
Let l(j) = 6*j - 69. What is the units digit of l(17)?
3
Suppose -26*r = -2*r + 14496. Let d = -287 - r. What is the tens digit of d?
1
Let y = -1 + 6. Suppose 5*v = 2*f + 256, -y*v = -2*v - f - 154. What is the tens digit of v?
5
Let k be (-16)/(-5) + ((-56)/(-35))/(-8). Let m be (-2 + 1)/(1/(-2)). Suppose m*l = 33 - k. What is the tens digit of l?
1
Let i(k) = 439*k**3 + 2*k**2 + 6*k - 7. What is the hundreds digit of i(1)?
4
Let z(r) = -63*r**3 - 3*r**2 - 24*r + 20. What is the thousands digit of z(-4)?
4
Let k = -1 + 8. Let y = -100 - -93. Let u = k - y. What is the units digit of u?
4
Suppose 0*r + 4*r + 3*i = 48, 2*r - 2*i = 10. Suppose -r*w + 96 = -228. What is the units digit of w?
6
Let n(z) be the second derivative of z**5/20 + 3*z. What is the units digit of n(5)?
5
Let u(w) = 3*w - 10. Let n = 16 - 5. What is the tens digit of u(n)?
2
Let c(z) = z**3 - 4*z**2 - 4*z + 3. Let y = 14 + -9. What is the units digit of c(y)?
8
Let o(m) be the first derivative of m**6/72 + m**4/12 - m**3 - 2. Let y(a) be the third derivative of o(a). What is the tens digit of y(-2)?
2
Let a(u) = u + 3. Let r be a(2). Suppose 450 - 105 = r*f. What is the tens digit of f?
6
Suppose 2*o - 3*h - 807 - 314 = 0, -2*o = -h - 1111. What is the hundreds digit of o?
5
Suppose -2*r - i - 10 = -2*i, -3*r - i = 20. Let v = r + -2. Let f = v - -21. What is the tens digit of f?
1
Let a be 4/(-6) + 245/21. Suppose 0 = 12*k - a*k - 69. What is the units digit of k?
9
Let r(m) = 69*m - 81. What is the units digit of r(17)?
2
Suppose -11*w + 0*w = -4488. What is the tens digit of w?
0
Suppose 51 = d + 4*z, -5*d - 3*z + z + 219 = 0. Let t = d + -23. Suppose 3*a - t = 31. What is the units digit of a?
7
Let f = 81 + -41. Let h = f + 39. What is the tens digit of h?
7
Suppose 0 = 5*t - 2*c + 4, -1 = 2*t + 2*c - 5. Suppose -2*m = a - 16, t*m = -3*a + m + 83. Suppose a + 16 = 2*p. What is the units digit of p?
1
Let b(x) = -2*x**3 - 5*x**2 + 3*x. Let k be b(-3). Suppose 0 = -5*q - 4*o + 29, 3*q - 18 = -3*o - 0. What is the tens digit of (k + 1)/(q/75)?
1
Let i be (-176)/(-6) - 8/6. Suppose -q = 3*q + i. What is the tens digit of 86/7 + 2/q?
1
Let a = -148 + 238. What is the units digit of a?
0
Suppose -813 = -2*p - 3*p + t, 5*t + 663 = 4*p. Suppose -3*b - o = -238, -p = -2*b + 2*o - 6. What is the tens digit of b?
7
What is the units digit of ((-8632)/(-13))/(((-6)/(-4))/3)?
8
Suppose 0 = 432*u - 424*u - 38200. What is the thousands digit of u?
4
Let x(j) = j. Let q be x(4). Let f be 4046/28 + 2/q. Suppose 0 = -5*a + 2*u - u + f, 0 = -2*u + 10. What is the tens digit of a?
3
Let s(f) = 33*f + 3. Let r(z) = -11*z - 1. Let w(l) = -7*r(l) - 2*s(l). What is the units digit of w(3)?
4
Let s be (3/6)/1 - 17/(-2). What is the units digit of (-332)/(-6) + (1 - 12/s)?
5
Suppose 39 = -3*h + b - 0*b, -5*b = -2*h - 13. Let g(u) = -u**2 - 15*u + 13. What is the units digit of g(h)?
7
Suppose -55 = a - 6*a. Suppose 0 = c - 6*c. Suppose c = w - 5, n - 2*w = a. What is the units digit of n?
1
Let t(x) = -190*x**3 - x**2 - x. Let s be t(-1). Suppose s - 58 = l. Suppose 2*w + l = 6*w. What is the tens digit of w?
3
Let n(w) = -w**3 + 14*w**2 - 14*w + 18. Let o be n(13). Suppose o*p + 104 = 9*p. What is the tens digit of p?
2
Let p be 2/(-5*(-10)/325). Suppose 0 = -a + p. What is the units digit of a?
3
Suppose 434 = 4*z - 2*u - 0*u, -u - 110 = -z. What is the hundreds digit of z?
1
Let z(y) = 8*y - 125. Let x be z(16). Let i be 2/(-5)*20/(-2). Suppose -x*j = -i*j + 78. What is the tens digit of j?
7
What is the hundreds digit of (-614 + -1)*(-6)/10?
3
Let t(p) = 4*p + 1. Let v be t(-7). Let u be (-2)/3*v/6. Suppose u*i - 4*i - 21 = -d, -3*d - 4*i = -49. What is the units digit of d?
9
Let j(d) = -d**3 + 2*d**2 + 5*d - 3. Let m be j(3). Let p be 18/15*20/m. Suppose -4*l + 100 = p. What is the tens digit of l?
2